actors of f(-2).
3, 101
Let c(q) be the third derivative of q**5/30 + 13*q**4/8 + 3*q**3 + 28*q**2. Let l be c(-20). Suppose -l*n + 42*n - 352 = 0. What are the prime factors of n?
2, 11
Suppose -3*p = -4*j + 405, -10*j - p = -7*j - 307. Suppose 100 = 2*a - j. List the prime factors of a.
101
Suppose -11*t = -7*t - 12. Let k(x) = -22 + 7*x - t*x + 55 + 42. What are the prime factors of k(27)?
3, 61
What are the prime factors of 52208 + 64/(-27 - -11)?
2, 31, 421
Suppose -t + 13 = 2*k, t - 2*k - 34 = -41. Suppose t*c + c - 3*m = 1018, -c + 248 = -4*m. List the prime factors of c.
2
Suppose 15*t + 150 = 5*t. What are the prime factors of 26*(t/(-6) - -5)?
3, 5, 13
Suppose 14*u - 27725 = -11*u. Let a = u - 884. What are the prime factors of a?
3, 5
Let o = 125 - 144. Let k(b) = -62*b - 182. List the prime factors of k(o).
2, 3, 83
Suppose 0 = 5*c + 4*d - 223344, 5*c + 109*d - 111*d - 223308 = 0. What are the prime factors of c?
2, 3, 1861
Suppose 5*a - 1945 = 1165. Suppose 4*v + 1640 = 3*p, p + 70 = 4*v + a. What are the prime factors of p?
2, 17
Let l = -35 + 28. Let k be (-8)/(-3) - (110/(-15) - l). Suppose -238 = -k*q + 329. List the prime factors of q.
3, 7
Let w(t) = -t**2 + 3*t + 1. Let u be w(4). Let r be 61 + (1 - u) + -3. Let n = -36 + r. What are the prime factors of n?
2, 13
Let s = 44186 + -19087. List the prime factors of s.
19, 1321
Let m(j) = -1608*j - 2349. List the prime factors of m(-12).
3, 7, 269
Let a = 23 + -28. Let p(b) = -b**3 - 3*b**2 - 6*b - 2. Let i be p(a). List the prime factors of i/8*(1 - -2 - -1).
3, 13
Let s(k) = -843*k - 2587. What are the prime factors of s(-21)?
2, 3779
Let n(y) = -4211*y**2 + y. Let d be n(1). What are the prime factors of d/(-3) + 2/3?
2, 3, 13
Let h(n) = -753*n**3 + n**2 + 8*n + 39. What are the prime factors of h(-3)?
3, 5, 23, 59
Let w(z) = 2 - 3*z**2 - 14*z + 4*z**2 + 3*z**2 - 3*z**2 + 426*z**3 + 11*z. What are the prime factors of w(1)?
2, 3, 71
Suppose -4*n + 4*j = -120, 59 = -4*n - j + 194. Let s = n + -5. Suppose -80 = -i + s. List the prime factors of i.
2, 3
Let g(x) = 16*x**2 + 21*x + 34. List the prime factors of g(17).
5, 17, 59
Let t = 74 + -90. What are the prime factors of (t/40)/(2/(-460))?
2, 23
Suppose -4*u = -3*g - 10705 - 6523, 2*u + 2*g = 8628. What are the prime factors of u?
2, 5, 431
Let m = -650 - -650. Suppose m = 71*t - 81*t + 2240. What are the prime factors of t?
2, 7
Let y be 10/50 - (22644/(-10))/3. Let q = y + -408. List the prime factors of q.
347
Let w be 38686/8 + (-7)/56*-2. Suppose 0 = -16*q + w + 1708. List the prime factors of q.
409
Let r(u) be the second derivative of 9*u**4/4 - 5*u**3/6 - 8*u**2 + 21*u + 3. List the prime factors of r(-3).
2, 11
Suppose 40*i - 22*i = 171666. List the prime factors of i.
3, 11, 17
Suppose -1961 = -9*i + 1414. Suppose s + 5*l = i, 7*l - 1180 = -3*s + 3*l. List the prime factors of s.
2, 5
Suppose 6*u + 11372 = 2*v + 8*u, 3*v - 17082 = 3*u. List the prime factors of v.
2, 5, 569
Suppose -4*g = 2*z - 18, 4*g = -4*z + 2*g + 24. Suppose -z*a = -13 - 22. Suppose 5*c = a*c - 48. List the prime factors of c.
2, 3
Let b = -381 + 604. Let o = -156 + b. Let x = o + -46. List the prime factors of x.
3, 7
Let q(u) = -221*u - 3. Let b be q(-3). Suppose -39*n + b = -36*n. What are the prime factors of n?
2, 5, 11
Let u be ((-29149)/(-206))/((-1)/(-2)). Suppose -5*m + 4848 = u. List the prime factors of m.
11, 83
Let m(j) = -5*j**2 - 19*j + 16. Let y(v) = -5*v**2 - 17*v + 17. Let w(o) = 2*m(o) - 3*y(o). List the prime factors of w(-7).
3, 5
Suppose 1592524 - 174868 = 97*q - 985616. What are the prime factors of q?
2, 19, 163
Suppose 2*w - 30478 = -4*u + 11414, -20 = -4*u. List the prime factors of w.
2, 2617
Suppose -4*s = -60 + 60. Suppose -469 = -2*k - 4*r + 85, s = r - 1. List the prime factors of k.
5, 11
Let a(w) = w**3 + w**2 + 24. Let s(n) = n**3 - 9*n**2 + 21*n - 5. Let m be 2/(22/5 + -4). Let k be s(m). List the prime factors of a(k).
2, 3
Let x be 10*11/((-110)/15). List the prime factors of (-3)/x + (-7068)/(-60).
2, 59
Let n(r) = 2*r - 16. Let z be n(8). Suppose -150 = 2*o - z*o. What are the prime factors of (-2 + 1)/(3/o)?
5
Suppose 39277 = 5*m - 17688. Suppose 39610 = 29*z + m. What are the prime factors of z?
7, 139
Let l be -190*(2*-1)/(21 - 17). Let j = l - -118. What are the prime factors of j?
3, 71
Suppose 4*f = -5*i + 37, 5*f - 4*i - 41 + 5 = 0. Suppose -f*u = 12*u - 3020. What are the prime factors of u?
151
Let a be (-5 - (-78)/18)*-21 - 0. Suppose -3*k = 15*n - a*n - 2059, 2*k + n = 1373. What are the prime factors of k?
2, 7
Suppose 2*n - 2*k = 66056, -n - 5*k = -31981 - 1023. What are the prime factors of n?
2, 3, 43
List the prime factors of ((2 - 6) + -17)*(-4434)/18.
7, 739
Let n = 16 - 11. Let f be (-36)/(n - 3)*26/(-4). Suppose -39 = 2*u - f. List the prime factors of u.
3, 13
Let w be (-9)/15 + (-25334)/10. Let d = w + 1184. What are the prime factors of (d/(-36))/(2/4)?
3, 5
Let c be (-1222)/(-26) + (-2 - (-1 + 2)). What are the prime factors of 3/(-3 + 0) - (c + -1075)?
2, 5, 103
Suppose 2*l + 14152 = 4*i, 0 = 3*i - 7*l + 8*l - 10609. List the prime factors of i.
3, 131
What are the prime factors of 1 + 1 + 5 + ((-42)/7 - -33543)?
2, 7, 599
Suppose -r - 10 = r. Let x be r + 1/((-1)/(-3)) - -169. Let c = x - -8. List the prime factors of c.
5, 7
Let z(a) = -a**3 + 15*a**2 + 18*a - 18. Let c be z(16). Suppose -22*j = -c*j - 2360. List the prime factors of j.
5, 59
Suppose h = l - 3536, -17*l - 5*h + 17720 = -12*l. Suppose 16*c - 4*c - l = 0. What are the prime factors of c?
5, 59
Let p = 7151 + 2155. What are the prime factors of p?
2, 3, 11, 47
List the prime factors of -2 + -2 + 13 + (-19400)/(-2).
7, 19, 73
Suppose 0 = 24*q - 20*q + 12. Suppose -5*t + 3*u = 10, 0 = -t + 4*u - u + 10. List the prime factors of 944*q/(-30) + 2/t.
2, 47
Suppose 4*w - 219373 = r + 15391, 3*w + 2*r = 176073. What are the prime factors of w?
19, 3089
Let z(v) = v**3 + 12*v**2 + 13*v + 2. Suppose -4*y + 6*y + 4*i = -34, 0 = 3*i + 12. What are the prime factors of z(y)?
2
Let n(x) = 6*x - 10*x**2 + 143*x**2 - 85*x**2 + 15. List the prime factors of n(-3).
3, 11, 13
Suppose 19*a = 5*a - 3906. Let h = 1098 + a. List the prime factors of h.
3, 7, 13
Suppose 0 = -9*j - 71 - 1621. Let f be ((-1)/2)/(-4 + j/(-48)). Suppose -f*v + 826 = v. What are the prime factors of v?
2, 59
Let j be 3/(27/(-9)) + 3. Suppose -2*u + 5623 = j*u - p, 4*u = -2*p + 5626. List the prime factors of u.
2, 19, 37
List the prime factors of (-10)/((-1040)/542009) - 3/(-8).
2, 1303
Suppose 6*p - 45 = -15. Suppose p*q - 44 - 21 = 0. Suppose -b = q - 149. What are the prime factors of b?
2, 17
Let q(i) = i**2 + i - 29. Let z(h) = -h + 15. Let s(p) = 4*q(p) + 7*z(p). Suppose -5*g - 36 = 4*g. List the prime factors of s(g).
5, 13
Let y(v) = -4*v**2 + 112*v + 80. List the prime factors of y(20).
2, 3, 5
Suppose 20 = -k - 9*k. Let y be (-2)/(k + ((-176)/(-23))/4). Let b(p) = 10*p - 44. What are the prime factors of b(y)?
2, 3, 31
Suppose -9*i = 410 - 2111. Let l = i - -199. What are the prime factors of l?
2, 97
Let y = 31383 + -7907. List the prime factors of y.
2, 5869
Suppose 130*f - 132*f + 10380 = 5*m, 4*f - 20760 = -3*m. List the prime factors of f.
2, 3, 5, 173
Suppose 1025507 = 19*w + 377075. What are the prime factors of w?
2, 3, 79
Let s(j) = -308 + j - 304 - 346 + 992. Let t = 13 - 7. What are the prime factors of s(t)?
2, 5
Let u(h) = -543*h - 14. Let d(c) = -197*c - 5. Let q(b) = 8*d(b) - 3*u(b). Suppose 5*r - 10 = 3*l, l = 3*r - 11 + 1. List the prime factors of q(r).
3, 89
Let t(z) = -2*z**3 + 3*z**2 + 80*z + 299. What are the prime factors of t(-6)?
359
Let k = 31838 - 22473. What are the prime factors of k?
5, 1873
Let m = -9 + 12. Suppose 0 = 5*k + h - 2052, -5*k - 5*h - 1659 = -9*k. Suppose -m*v = -6*v + k. List the prime factors of v.
137
Let i(x) = 2*x**2 - 12*x + 32. Let z be i(-14). Let u = z + -253. What are the prime factors of u?
3, 113
Let r = 533 + 472. Suppose 269*p - 266*p = r. List the prime factors of p.
5, 67
Let z(k) = 27*k**2 + 82*k - 531. What are the prime factors of z(7)?
2, 683
What are the prime factors of (-317304)/(-63) + (-4)/7?
2, 1259
Suppose -5*p + 0*p + 2*r = -27576, 3*p = -5*r + 16527. List the prime factors 